{"id":8,"date":"2019-08-13T10:18:51","date_gmt":"2019-08-13T10:18:51","guid":{"rendered":"http:\/\/congreso.us.es\/graseqa2020\/?page_id=8"},"modified":"2022-04-29T12:06:36","modified_gmt":"2022-04-29T12:06:36","slug":"comite-organizador","status":"publish","type":"page","link":"https:\/\/congreso.us.es\/graseqa2022\/comite-organizador\/","title":{"rendered":"Comit\u00e9 organizador"},"content":{"rendered":"\n<p><strong>Comit\u00e9 Cient\u00edfico<\/strong><\/p>\n\n\n\n<div class=\"wp-container-3 wp-block-columns\">\n<div class=\"wp-container-1 wp-block-column\" style=\"flex-basis:12%\">\n<p class=\"has-text-align-left\"><strong>Coordinador:<\/strong><\/p>\n<\/div>\n\n\n\n<div class=\"wp-container-2 wp-block-column\" style=\"flex-basis:88%\">\n<p>Fernando de Pablos Pons. Universidad de Sevilla.<\/p>\n<\/div>\n<\/div>\n\n\n\n<div class=\"wp-container-6 wp-block-columns\">\n<div class=\"wp-container-4 wp-block-column\" style=\"flex-basis:12%\">\n<p class=\"has-text-align-left\"><strong>Vocales:<\/strong><\/p>\n<\/div>\n\n\n\n<div class=\"wp-container-5 wp-block-column\" style=\"flex-basis:88%\">\n<p>Esteban Alonso \u00c1lvarez. Universidad de Sevilla.<br>Tamara Garc\u00eda Barrera. Universidad de Huelva.<br>Antonia Garrido Frenich. Universidad de Almer\u00eda.<br>Loreto Lunar Reyes. Universidad de C\u00f3rdoba.<br>Antonio Molina D\u00edaz. Universidad de Ja\u00e9n.<br>Mar\u00eda Teresa Morales Mill\u00e1n. Universidad de Sevilla.<br>Carlos Moreno Aguilar. Universidad de C\u00e1diz.<br>Elisa Vereda Alonso. Universidad de M\u00e1laga.<br>Alberto Zafra G\u00f3mez. Universidad de Granada.&nbsp;&nbsp; <\/p>\n<\/div>\n<\/div>\n\n\n\n<p><strong>Comit\u00e9 Organizador<\/strong><\/p>\n\n\n\n<div class=\"wp-container-9 wp-block-columns\">\n<div class=\"wp-container-7 wp-block-column\" style=\"flex-basis:12%\">\n<p class=\"has-text-align-left\"><strong>Coordinador:<\/strong><\/p>\n<\/div>\n\n\n\n<div class=\"wp-container-8 wp-block-column\" style=\"flex-basis:88%\">\n<p>Fernando de Pablos Pons<\/p>\n<\/div>\n<\/div>\n\n\n\n<div class=\"wp-container-12 wp-block-columns\">\n<div class=\"wp-container-10 wp-block-column\" style=\"flex-basis:12%\">\n<p class=\"has-text-align-left\"><strong>Vocales:<\/strong><\/p>\n<\/div>\n\n\n\n<div class=\"wp-container-11 wp-block-column\" style=\"flex-basis:88%\">\n<p>Esteban Alonso \u00c1lvarez<br>Irene Aparicio G\u00f3mez<br>Ram\u00f3n Aparicio Ru\u00edz<br>Marina Arenas Molina<br>Berta Baca Bocanegra<br>Enrique D\u00edaz Monta\u00f1a<br>Antonio Jos\u00e9 Fern\u00e1ndez Espinosa<br>Dolores Hernanz Vila<br>Mar\u00eda Jos\u00e9 Jara Palacios<br>Julia Mart\u00edn Bueno<br>Carmen Mej\u00edas Padilla<br>Mar\u00eda Teresa Morales Mill\u00e1n<br>Julio Nogales Bueno<br>Juan Antonio Oca\u00f1a Gonz\u00e1lez<br>Mar\u00eda del Mar Orta Cuevas<br>Cristina Rom\u00e1n Hidalgo<br>Juan Lu\u00eds Santos Morcillo<br>Noelia Tena Pajuelo<\/p>\n<\/div>\n<\/div>\n","protected":false},"excerpt":{"rendered":"<p>Comit\u00e9 Cient\u00edfico Coordinador: Fernando de Pablos Pons. Universidad de Sevilla. Vocales: Esteban Alonso \u00c1lvarez. Universidad de Sevilla.Tamara Garc\u00eda Barrera. Universidad de Huelva.Antonia Garrido Frenich. Universidad de Almer\u00eda.Loreto Lunar Reyes. Universidad de C\u00f3rdoba.Antonio Molina D\u00edaz. Universidad de Ja\u00e9n.Mar\u00eda Teresa Morales Mill\u00e1n. Universidad de Sevilla.Carlos Moreno Aguilar. Universidad de C\u00e1diz.Elisa Vereda Alonso. Universidad de M\u00e1laga.Alberto Zafra G\u00f3mez. &#8230; <a title=\"Comit\u00e9 organizador\" class=\"read-more\" href=\"https:\/\/congreso.us.es\/graseqa2022\/comite-organizador\/\" aria-label=\"M\u00e1s en Comit\u00e9 organizador\">Leer m\u00e1s<\/a><\/p>\n","protected":false},"author":1,"featured_media":0,"parent":0,"menu_order":0,"comment_status":"closed","ping_status":"closed","template":"","meta":[],"yoast_head":"<!-- This site is optimized with the Yoast SEO plugin v20.6 - https:\/\/yoast.com\/wordpress\/plugins\/seo\/ -->\n<title>Comit\u00e9 organizador - Graseqa 2022<\/title>\n<meta name=\"robots\" content=\"index, follow, max-snippet:-1, max-image-preview:large, max-video-preview:-1\" \/>\n<link rel=\"canonical\" href=\"https:\/\/congreso.us.es\/graseqa2022\/comite-organizador\/\" \/>\n<meta property=\"og:locale\" content=\"es_ES\" \/>\n<meta property=\"og:type\" content=\"article\" \/>\n<meta property=\"og:title\" content=\"Comit\u00e9 organizador - Graseqa 2022\" \/>\n<meta property=\"og:description\" content=\"Comit\u00e9 Cient\u00edfico Coordinador: Fernando de Pablos Pons. Universidad de Sevilla. Vocales: Esteban Alonso \u00c1lvarez. Universidad de Sevilla.Tamara Garc\u00eda Barrera. Universidad de Huelva.Antonia Garrido Frenich. Universidad de Almer\u00eda.Loreto Lunar Reyes. Universidad de C\u00f3rdoba.Antonio Molina D\u00edaz. Universidad de Ja\u00e9n.Mar\u00eda Teresa Morales Mill\u00e1n. Universidad de Sevilla.Carlos Moreno Aguilar. Universidad de C\u00e1diz.Elisa Vereda Alonso. Universidad de M\u00e1laga.Alberto Zafra G\u00f3mez. ... Leer m\u00e1s\" \/>\n<meta property=\"og:url\" content=\"https:\/\/congreso.us.es\/graseqa2022\/comite-organizador\/\" \/>\n<meta property=\"og:site_name\" content=\"Graseqa 2022\" \/>\n<meta property=\"article:modified_time\" content=\"2022-04-29T12:06:36+00:00\" \/>\n<meta name=\"twitter:card\" content=\"summary_large_image\" \/>\n<meta name=\"twitter:label1\" content=\"Tiempo de lectura\" \/>\n\t<meta name=\"twitter:data1\" content=\"1 minuto\" \/>\n<script type=\"application\/ld+json\" class=\"yoast-schema-graph\">{\"@context\":\"https:\/\/schema.org\",\"@graph\":[{\"@type\":\"WebPage\",\"@id\":\"https:\/\/congreso.us.es\/graseqa2022\/comite-organizador\/\",\"url\":\"https:\/\/congreso.us.es\/graseqa2022\/comite-organizador\/\",\"name\":\"Comit\u00e9 organizador - Graseqa 2022\",\"isPartOf\":{\"@id\":\"https:\/\/congreso.us.es\/graseqa2022\/#website\"},\"datePublished\":\"2019-08-13T10:18:51+00:00\",\"dateModified\":\"2022-04-29T12:06:36+00:00\",\"breadcrumb\":{\"@id\":\"https:\/\/congreso.us.es\/graseqa2022\/comite-organizador\/#breadcrumb\"},\"inLanguage\":\"es\",\"potentialAction\":[{\"@type\":\"ReadAction\",\"target\":[\"https:\/\/congreso.us.es\/graseqa2022\/comite-organizador\/\"]}]},{\"@type\":\"BreadcrumbList\",\"@id\":\"https:\/\/congreso.us.es\/graseqa2022\/comite-organizador\/#breadcrumb\",\"itemListElement\":[{\"@type\":\"ListItem\",\"position\":1,\"name\":\"Portada\",\"item\":\"https:\/\/congreso.us.es\/graseqa2022\/\"},{\"@type\":\"ListItem\",\"position\":2,\"name\":\"Comit\u00e9 organizador\"}]},{\"@type\":\"WebSite\",\"@id\":\"https:\/\/congreso.us.es\/graseqa2022\/#website\",\"url\":\"https:\/\/congreso.us.es\/graseqa2022\/\",\"name\":\"Graseqa 2020\",\"description\":\"XVII Reuni\u00f3n del Grupo Regional Andaluza de la Sociedad Espa\u00f1ola de Qu\u00edmica Anal\u00edtica&lt;br\/&gt;&lt;span class=&quot;fecha&quot;&gt;Sevilla, 2 y 3 de Julio&lt;\/span&gt;\",\"publisher\":{\"@id\":\"https:\/\/congreso.us.es\/graseqa2022\/#organization\"},\"potentialAction\":[{\"@type\":\"SearchAction\",\"target\":{\"@type\":\"EntryPoint\",\"urlTemplate\":\"https:\/\/congreso.us.es\/graseqa2022\/?s={search_term_string}\"},\"query-input\":\"required name=search_term_string\"}],\"inLanguage\":\"es\"},{\"@type\":\"Organization\",\"@id\":\"https:\/\/congreso.us.es\/graseqa2022\/#organization\",\"name\":\"Graseqa 2020\",\"url\":\"https:\/\/congreso.us.es\/graseqa2022\/\",\"logo\":{\"@type\":\"ImageObject\",\"inLanguage\":\"es\",\"@id\":\"https:\/\/congreso.us.es\/graseqa2022\/#\/schema\/logo\/image\/\",\"url\":\"https:\/\/congreso.us.es\/graseqa2022\/wp-content\/uploads\/2022\/04\/cropped-cabecera_graseqa_2022.png\",\"contentUrl\":\"https:\/\/congreso.us.es\/graseqa2022\/wp-content\/uploads\/2022\/04\/cropped-cabecera_graseqa_2022.png\",\"width\":2024,\"height\":497,\"caption\":\"Graseqa 2020\"},\"image\":{\"@id\":\"https:\/\/congreso.us.es\/graseqa2022\/#\/schema\/logo\/image\/\"}}]}<\/script>\n<!-- \/ Yoast SEO plugin. -->","yoast_head_json":{"title":"Comit\u00e9 organizador - Graseqa 2022","robots":{"index":"index","follow":"follow","max-snippet":"max-snippet:-1","max-image-preview":"max-image-preview:large","max-video-preview":"max-video-preview:-1"},"canonical":"https:\/\/congreso.us.es\/graseqa2022\/comite-organizador\/","og_locale":"es_ES","og_type":"article","og_title":"Comit\u00e9 organizador - Graseqa 2022","og_description":"Comit\u00e9 Cient\u00edfico Coordinador: Fernando de Pablos Pons. Universidad de Sevilla. Vocales: Esteban Alonso \u00c1lvarez. Universidad de Sevilla.Tamara Garc\u00eda Barrera. Universidad de Huelva.Antonia Garrido Frenich. Universidad de Almer\u00eda.Loreto Lunar Reyes. Universidad de C\u00f3rdoba.Antonio Molina D\u00edaz. Universidad de Ja\u00e9n.Mar\u00eda Teresa Morales Mill\u00e1n. Universidad de Sevilla.Carlos Moreno Aguilar. Universidad de C\u00e1diz.Elisa Vereda Alonso. Universidad de M\u00e1laga.Alberto Zafra G\u00f3mez. ... Leer m\u00e1s","og_url":"https:\/\/congreso.us.es\/graseqa2022\/comite-organizador\/","og_site_name":"Graseqa 2022","article_modified_time":"2022-04-29T12:06:36+00:00","twitter_card":"summary_large_image","twitter_misc":{"Tiempo de lectura":"1 minuto"},"schema":{"@context":"https:\/\/schema.org","@graph":[{"@type":"WebPage","@id":"https:\/\/congreso.us.es\/graseqa2022\/comite-organizador\/","url":"https:\/\/congreso.us.es\/graseqa2022\/comite-organizador\/","name":"Comit\u00e9 organizador - Graseqa 2022","isPartOf":{"@id":"https:\/\/congreso.us.es\/graseqa2022\/#website"},"datePublished":"2019-08-13T10:18:51+00:00","dateModified":"2022-04-29T12:06:36+00:00","breadcrumb":{"@id":"https:\/\/congreso.us.es\/graseqa2022\/comite-organizador\/#breadcrumb"},"inLanguage":"es","potentialAction":[{"@type":"ReadAction","target":["https:\/\/congreso.us.es\/graseqa2022\/comite-organizador\/"]}]},{"@type":"BreadcrumbList","@id":"https:\/\/congreso.us.es\/graseqa2022\/comite-organizador\/#breadcrumb","itemListElement":[{"@type":"ListItem","position":1,"name":"Portada","item":"https:\/\/congreso.us.es\/graseqa2022\/"},{"@type":"ListItem","position":2,"name":"Comit\u00e9 organizador"}]},{"@type":"WebSite","@id":"https:\/\/congreso.us.es\/graseqa2022\/#website","url":"https:\/\/congreso.us.es\/graseqa2022\/","name":"Graseqa 2020","description":"XVII Reuni\u00f3n del Grupo Regional Andaluza de la Sociedad Espa\u00f1ola de Qu\u00edmica Anal\u00edtica&lt;br\/&gt;&lt;span class=&quot;fecha&quot;&gt;Sevilla, 2 y 3 de Julio&lt;\/span&gt;","publisher":{"@id":"https:\/\/congreso.us.es\/graseqa2022\/#organization"},"potentialAction":[{"@type":"SearchAction","target":{"@type":"EntryPoint","urlTemplate":"https:\/\/congreso.us.es\/graseqa2022\/?s={search_term_string}"},"query-input":"required name=search_term_string"}],"inLanguage":"es"},{"@type":"Organization","@id":"https:\/\/congreso.us.es\/graseqa2022\/#organization","name":"Graseqa 2020","url":"https:\/\/congreso.us.es\/graseqa2022\/","logo":{"@type":"ImageObject","inLanguage":"es","@id":"https:\/\/congreso.us.es\/graseqa2022\/#\/schema\/logo\/image\/","url":"https:\/\/congreso.us.es\/graseqa2022\/wp-content\/uploads\/2022\/04\/cropped-cabecera_graseqa_2022.png","contentUrl":"https:\/\/congreso.us.es\/graseqa2022\/wp-content\/uploads\/2022\/04\/cropped-cabecera_graseqa_2022.png","width":2024,"height":497,"caption":"Graseqa 2020"},"image":{"@id":"https:\/\/congreso.us.es\/graseqa2022\/#\/schema\/logo\/image\/"}}]}},"_links":{"self":[{"href":"https:\/\/congreso.us.es\/graseqa2022\/wp-json\/wp\/v2\/pages\/8"}],"collection":[{"href":"https:\/\/congreso.us.es\/graseqa2022\/wp-json\/wp\/v2\/pages"}],"about":[{"href":"https:\/\/congreso.us.es\/graseqa2022\/wp-json\/wp\/v2\/types\/page"}],"author":[{"embeddable":true,"href":"https:\/\/congreso.us.es\/graseqa2022\/wp-json\/wp\/v2\/users\/1"}],"replies":[{"embeddable":true,"href":"https:\/\/congreso.us.es\/graseqa2022\/wp-json\/wp\/v2\/comments?post=8"}],"version-history":[{"count":15,"href":"https:\/\/congreso.us.es\/graseqa2022\/wp-json\/wp\/v2\/pages\/8\/revisions"}],"predecessor-version":[{"id":189,"href":"https:\/\/congreso.us.es\/graseqa2022\/wp-json\/wp\/v2\/pages\/8\/revisions\/189"}],"wp:attachment":[{"href":"https:\/\/congreso.us.es\/graseqa2022\/wp-json\/wp\/v2\/media?parent=8"}],"curies":[{"name":"wp","href":"https:\/\/api.w.org\/{rel}","templated":true}]}}