{"id":1201,"date":"2021-10-23T17:36:07","date_gmt":"2021-10-23T17:36:07","guid":{"rendered":"https:\/\/congreso-move.net\/?page_id=1201"},"modified":"2021-10-23T17:36:07","modified_gmt":"2021-10-23T17:36:07","slug":"programa-4movenet","status":"publish","type":"page","link":"https:\/\/congreso.us.es\/movenet\/programa-4movenet\/","title":{"rendered":"Programa IV Congreso Internacional Move.net"},"content":{"rendered":"\n<p><\/p>\n\n\n\n<figure class=\"wp-block-image size-large\"><a href=\"http:\/\/congreso.us.es\/movenet\/wp-content\/uploads\/2021\/10\/cabecera-web-iv-movenet2.png\"><img loading=\"lazy\" width=\"1102\" height=\"200\" src=\"http:\/\/congreso.us.es\/movenet\/wp-content\/uploads\/2021\/10\/cabecera-web-iv-movenet2.png?w=1024\" alt=\"\" class=\"wp-image-1211\" srcset=\"https:\/\/congreso.us.es\/movenet\/wp-content\/uploads\/2021\/10\/cabecera-web-iv-movenet2.png 1102w, https:\/\/congreso.us.es\/movenet\/wp-content\/uploads\/2021\/10\/cabecera-web-iv-movenet2-300x54.png 300w, https:\/\/congreso.us.es\/movenet\/wp-content\/uploads\/2021\/10\/cabecera-web-iv-movenet2-1024x186.png 1024w, https:\/\/congreso.us.es\/movenet\/wp-content\/uploads\/2021\/10\/cabecera-web-iv-movenet2-768x139.png 768w\" sizes=\"(max-width: 1102px) 100vw, 1102px\" \/><\/a><\/figure>\n\n\n\n<h3 class=\"has-text-align-center has-vivid-red-color has-text-color\" id=\"block-330f8cd9-c5a3-458d-9cc8-04d97971843d\">Jueves 11 y viernes 12 de noviembre de 2021<br>Facultad de Comunicaci\u00f3n (Sal\u00f3n de Grados) &#8211; Universidad de Sevilla<\/h3>\n\n\n\n<p class=\"has-text-align-center\">Avda. Am\u00e9rico Vespucio, s\/n. Isla de la Cartuja. Sevilla<br>Ver <a href=\"https:\/\/goo.gl\/maps\/V24FGr9AGFdXB2uV8\">mapa<\/a><\/p>\n\n\n\n<hr class=\"wp-block-separator\" \/>\n\n\n\n<h2 class=\"has-text-align-center has-vivid-red-color has-text-color\" id=\"programa\"><strong>PROGRAMA<\/strong><\/h2>\n\n\n\n<p class=\"has-text-align-center\"><a href=\"http:\/\/congreso.us.es\/movenet\/wp-content\/uploads\/2021\/11\/cartel-programa-iv-movenet-def.pdf\">Descargar cartel\/programa (pdf)<\/a> &#8211; <a href=\"http:\/\/congreso.us.es\/movenet\/wp-content\/uploads\/2021\/11\/programa-mano-iv-movenet-def.pdf\">Descargar programa de mano (pdf)<\/a><\/p>\n\n\n<p style=\"text-align:center;\"><span style=\"color:#800080;\"><strong>STREAMING:<\/strong> <\/span>Puedes seguir todas las ponencias invitadas desde el <br><a href=\"https:\/\/www.youtube.com\/channel\/UCv38e6CCA6-21ux_3rD2_nw\">canal de YouTube de la Facultad de Comunicaci\u00f3n<\/a><\/p>\n<h1 style=\"text-align:center;\"><span style=\"color:#ff0000;\"><strong>Jueves 11<\/strong><\/span><\/h1>\n<p>10:15-10:30h <strong><em>Bienvenida<\/em><\/strong><\/p>\n<p style=\"padding-left:40px;\"><span style=\"color:#ff6600;\">Jose Cand\u00f3n<\/span>, Presidente del Congreso Move.net<\/p>\n<p>10:30-11:15h <strong><em>La era de la informatizaci\u00f3n desde las entra\u00f1as digitales: Una mirada cr\u00edtica<\/em><\/strong><\/p>\n<p style=\"padding-left:40px;\"><span style=\"color:#ff6600;\">David Benavides<\/span>, Universidad de Sevilla (Presenta: Jose Cand\u00f3n)<\/p>\n<p>11:15-12:00h <strong><em>Del glaucoma al coronavirus: Memoria, presente y retos de la tecnopol\u00edtica en Espa\u00f1a<\/em><\/strong><\/p>\n<p style=\"padding-left:40px;\"><span style=\"color:#ff6600;\">Dafne Calvo<\/span>, Universidad de Valencia (Presenta: David Montero)<\/p>\n<p>12:30-13:15h <strong><em>La ilusi\u00f3n de la mayor\u00eda: C\u00e1maras de eco y sesgos ideol\u00f3gicos en la red<\/em><\/strong><\/p>\n<p style=\"padding-left:40px;\"><span style=\"color:#ff6600;\">V\u00edctor Hern\u00e1ndez-Santaolalla<\/span>, Universidad de Sevilla (Presenta: Salom\u00e9 Sola)<\/p>\n<p>13:15-14:00h <strong><em>GAFAM, financiarizaci\u00f3n y geopol\u00edtica<\/em><\/strong><\/p>\n<p style=\"padding-left:40px;\"><span style=\"color:#ff6600;\">Ana Segovia<\/span>, ULEPICC (Presenta: Luc\u00eda Ben\u00edtez)<\/p>\n\n\n<p class=\"has-text-color\" style=\"color:#ff0000;\">16:00-18:30h <strong><em>Lectura de Comunicaciones<\/em><\/strong><\/p>\n\n\n<p style=\"padding-left:40px;\"><span style=\"color:#ff0000;\"><strong>Sal\u00f3n de Grados<br><\/strong><span style=\"color:#333333;\">(C<\/span><\/span><span style=\"color:#ff0000;\"><span style=\"color:#333333;\">oordina: Guiomar Rovira)<\/span><\/span><\/p>\n<p style=\"padding-left:80px;\"><em><span style=\"color:#4d4646;\"><strong>Activismo ling\u00fc\u00edstico ocupando la red: \u00cattand\u00e2 pal Andal\u00fbh y AndaluGeeks<\/strong> <\/span><\/em><br><span style=\"color:#4d4646;\">&#8211; Jos\u00e9 F\u00e9lix Onta\u00f1\u00f3n Carmona, AndaluGeeks<\/span><\/p>\n<p style=\"padding-left:80px;\"><em><strong><span style=\"color:#4d4646;\">Ofuscaci\u00f3n: Generar ruido para vencer a la vigilancia<\/span><\/strong><\/em><br><span style=\"color:#4d4646;\">&#8211; F\u00e1tima Solera Navarro, Universidad de M\u00e1laga<\/span><\/p>\n<p style=\"padding-left:80px;\"><em><span style=\"color:#4d4646;\"><strong>La Digitalizadora de la Memoria Colectiva: Comunidades memoriosas y activismo archiv\u00edstico<\/strong> <\/span><\/em><br><span style=\"color:#4d4646;\">-Samuel Fern\u00e1ndez-Pichel, Universidad de Huelva<\/span><\/p>\n<p style=\"padding-left:80px;\"><em><strong><span style=\"color:#4d4646;\">Something old, something new, something borrowed: The Instagram activity of Portuguese party youth wings on an electoral context<\/span><\/strong><\/em><br><span style=\"color:#4d4646;\">&#8211; Sara Monteiro Machado, University of Porto (Portugal)<\/span><br><span style=\"color:#4d4646;\">&#8211; Vasco Ribeiro, University of Porto (Portugal)<\/span><br><span style=\"color:#4d4646;\">&#8211; Raquel Meneses, University of Porto (Portugal)<\/span><\/p>\n<p style=\"padding-left:80px;\"><em><strong><span style=\"color:#4d4646;\">#AlertaRoja #Hacemoseventos: La visibilizaci\u00f3n del impacto de la Covid19 en el sector de los eventos en Espa\u00f1a. An\u00e1lisis de la campa\u00f1a de comunicaci\u00f3n del 17S<\/span><\/strong><\/em><br><span style=\"color:#4d4646;\">&#8211; Cristina P\u00e9rez-Ord\u00f3\u00f1ez, Universidad de M\u00e1laga<\/span><br><span style=\"color:#4d4646;\">&#8211; Andrea Castro-Mart\u00ednez, Universidad de M\u00e1laga <\/span><br><span style=\"color:#4d4646;\">&#8211; Pablo D\u00edaz Morilla, Universidad de M\u00e1laga<\/span><\/p>\n<p style=\"padding-left:80px;\"><em><span style=\"color:#4d4646;\"><strong>Blogueras y blogueros guineanos: Herramientas digitales para reforzar la ciudadan\u00eda<\/strong> <\/span><\/em><br><span style=\"color:#4d4646;\">&#8211; Carlos Bajo Erro, Universitat Ramon Llull<\/span><\/p>\n<p style=\"padding-left:40px;\"><strong><span style=\"color:#ff0000;\">Seminario 3<br><\/span><\/strong><span style=\"color:#333333;\">(Coordina: Salom\u00e9 Sola)<\/span><strong><span style=\"color:#ff0000;\"><br><\/span><\/strong><\/p>\n<p style=\"padding-left:80px;\"><em><strong><span style=\"color:#4d4646;\">Estrategias de comunicaci\u00f3n y movimientos sociales en el Pa\u00eds Vasco en tiempos de crisis<\/span><\/strong><\/em><br><span style=\"color:#4d4646;\">&#8211; Edorta Arana Arrieta, Universidad del Pa\u00eds Vasco\/Euskal Herriko Unibertsitatea<\/span><br><span style=\"color:#4d4646;\">&#8211; Ane Biain Arrieta, Universidad del Pa\u00eds Vasco\/Euskal Herriko Unibertsitatea<\/span><\/p>\n<p style=\"padding-left:80px;\"><span style=\"color:#4d4646;\"><em><strong>La agenda de noticias online en los medios en lenguas vasca y gallega: Pluralidad y limitaciones<\/strong><\/em><\/span><br><span style=\"color:#4d4646;\">&#8211; I\u00f1aki Zabaleta Urkiola, Universidad del Pa\u00eds Vasco\/Euskal Herriko Unibertsitatea<\/span><br><span style=\"color:#4d4646;\">&#8211; Tania Arriaga Azkarate, Universidad del Pa\u00eds Vasco\/Euskal Herriko Unibertsitatea<\/span><\/p>\n<p style=\"padding-left:80px;\"><em><strong><span style=\"color:#4d4646;\">Las estrategias comunicativas h\u00edbridas del movimiento antitaurino espa\u00f1ol: Una aproximaci\u00f3n a sus repertorios de protesta<\/span><\/strong><\/em><br><span style=\"color:#4d4646;\">&#8211; Jofre Riba Morales, Universitat Jaume I<\/span><\/p>\n<p style=\"padding-left:80px;\"><em><strong><span style=\"color:#4d4646;\">\u00bfC\u00f3mo hacer etnograf\u00edas digitales sobre ciberactivismo y movimientos sociales? Un debate y reflexi\u00f3n metodol\u00f3gica<\/span><\/strong><\/em><br><span style=\"color:#4d4646;\">&#8211; Salom\u00e9 Sola-Morales, Universidad de Sevilla<\/span><br><span style=\"color:#4d4646;\">&#8211; Sandra Arenc\u00f3n-Beltr\u00e1n, Universidad de Sevilla<\/span><\/p>\n<p style=\"padding-left:80px;\"><em><strong><span style=\"color:#4d4646;\">Activismo h\u00edbrido en la actualidad: La reivindicaci\u00f3n del mundo de la cultura en Espa\u00f1a durante la Covid-19<\/span><\/strong><\/em><br><span style=\"color:#4d4646;\">&#8211; Cristina P\u00e9rez-Ord\u00f3\u00f1ez, Universidad de M\u00e1laga<\/span><br><span style=\"color:#4d4646;\">&#8211; Andrea Castro-Mart\u00ednez, Universidad de M\u00e1laga<\/span><\/p>\n<p style=\"padding-left:80px;\"><em><span style=\"color:#4d4646;\"><strong>Desde el #MeToo hasta #PorUnaConstituci\u00f3nFeminista: La feministizaci\u00f3n de los movimientos sociales en Chile. El caso del movimiento estudiantil<\/strong> <\/span><\/em><br><span style=\"color:#4d4646;\">&#8211; Natalie Sof\u00eda Rojas Vilches, Universitat de Girona<\/span><\/p>\n<p style=\"padding-left:80px;\"><em><strong><span style=\"color:#4d4646;\">M\u00e9xico 2020-21 \u201cCalladitas se Ven M\u00e1s Bonitas\u201d: Feministas Encapuchadas y la Rebeli\u00f3n de la Diamantina Rosa<\/span><\/strong><\/em><br><span style=\"color:#4d4646;\">&#8211; Hugo S\u00e1nchez Gudi\u00f1o, Universidad Nacional Aut\u00f3noma de M\u00e9xico (M\u00e9xico)<\/span><\/p>\n<p style=\"padding-left:40px;\"><strong><span style=\"color:#ff0000;\">Seminario 4<br><\/span><\/strong><span style=\"color:#333333;\">(Coordina: Luc\u00eda Ben\u00edtez)<\/span><strong><span style=\"color:#ff0000;\"><br><\/span><\/strong><\/p>\n<p style=\"padding-left:80px;\"><em><span style=\"color:#4d4646;\"><strong>El neoliberalismo tambi\u00e9n puede ir al cielo: An\u00e1lisis del discurso ideol\u00f3gico de la ficci\u00f3n dist\u00f3pica de Prime Video Upload<\/strong> <\/span><\/em><br><span style=\"color:#4d4646;\">&#8211; Cristina Algaba, Universidad de Sevilla<\/span><br><span style=\"color:#4d4646;\">&#8211; Mayte Donstrup, Universidad de Sevilla<\/span><\/p>\n<p style=\"padding-left:80px;\"><em><strong><span style=\"color:#4d4646;\">El v\u00eddeoactivismo y el v\u00eddeo marketing: Herramientas de comunicaci\u00f3n digital y de marketing social-empresarial en las organizaciones de los movimientos sociales en Espa\u00f1a<\/span><\/strong><\/em><br><span style=\"color:#4d4646;\">&#8211; Pedro Jos\u00e9 Salguero Gonz\u00e1lez, Universidad Complutense de Madrid<\/span><\/p>\n<p style=\"padding-left:80px;\"><em><strong><span style=\"color:#4d4646;\">El acceso a internet como derecho humano: Las nuevas formas de autoritarismo y represi\u00f3n de las libertades en la era de las nuevas tecnolog\u00edas<\/span><\/strong><\/em><br><span style=\"color:#4d4646;\">&#8211; Diego Armando Guerrero Garc\u00eda, Universidad Santo Tom\u00e1s (Colombia)<\/span><\/p>\n<p style=\"padding-left:80px;\"><span style=\"color:#4d4646;\"><em><strong>La desinformaci\u00f3n en el \u00e1mbito de la comunicaci\u00f3n pol\u00edtica: Revisi\u00f3n bibliogr\u00e1fica de la literatura acad\u00e9mica<\/strong><\/em><\/span><br><span style=\"color:#4d4646;\">&#8211; Nereida Cea, Universidad de M\u00e1laga<\/span><\/p>\n<p style=\"padding-left:80px;\"><em><span style=\"color:#4d4646;\"><strong>Resistencias frente al capitalismo de plataforma: Los repartidores de aplicaciones digitales y su<span style=\"color:#4d4646;\"> ac<\/span>tivismo pol\u00edtico en M\u00e9xico<\/strong> <\/span><\/em><br><span style=\"color:#4d4646;\">&#8211; Joel Ortega Erreguerena, CEIICH, Universidad Nacional Aut\u00f3noma de M\u00e9xico (M\u00e9xico)<\/span><\/p>\n<p style=\"padding-left:80px;\"><span style=\"color:#4d4646;\"><em><strong>#FridaysForFuture \u00bfComunicaci\u00f3n estrat\u00e9gica? An\u00e1lisis de las pautas de una conversaci\u00f3n<\/strong><\/em><\/span><br><span style=\"color:#4d4646;\">&#8211; Evandro Oliveira, Universidad Aut\u00f3noma de Barcelona<\/span><br><span style=\"color:#4d4646;\">&#8211; Isabel Ruiz-Mora, Universidad de M\u00e1laga<\/span><br><span style=\"color:#4d4646;\">&#8211; Ileana Zeler, Universidad Aut\u00f3noma de Barcelona<\/span><\/p>\n\n\n<p><\/p>\n\n\n<p>18:45-19:30h <strong><em>Expand\u00e9mica: Instituirse tras la inmunidad social frente al paper<\/em><\/strong><\/p>\n<p style=\"padding-left:40px;\"><span style=\"color:#ff6600;\">Concha Mateos<\/span>, Universidad Rey Juan Carlos (Presenta: David Montero)<\/p>\n<p><\/p>\n<p><span style=\"color:#800080;\"><strong>Espacio La Barqueta<\/strong><\/span> [<a href=\"https:\/\/goo.gl\/maps\/H6G6XFg9s96bU6DL7\">C\/ Palma del R\u00edo, 20-A<\/a>]<br>20:30-21:30h <span style=\"color:#ff6600;\">Presentaci\u00f3n de los libros <em><strong>Politizar la Tecnolog\u00eda. <\/strong><span style=\"color:#000000;\">Radios comunitarias y derecho a la comunicaci\u00f3n en los territorios digitales<\/span><\/em><\/span> (Binder y Garc\u00eda \/ Jinete Insomne, 2020) y <em><strong><span style=\"color:#ff6600;\">La Comunicaci\u00f3n desde Abajo.<\/span><\/strong><span style=\"color:#ff6600;\"><span style=\"color:#000000;\"> Historia, sentidos y pr\u00e1cticas de la comunicaci\u00f3n alternativa en Espa\u00f1a<\/span><\/span><\/em> (Barranquero y S\u00e1ez \/ Gedisa, 2021)<\/p>\n<p><\/p>\n\n\n<hr class=\"wp-block-separator\" \/>\n\n\n<h1 style=\"text-align:center;\"><span style=\"color:#ff0000;\"><strong>Viernes 12<\/strong><\/span><\/h1>\n<p>10:30-11:15h <strong><em>Comunicaci\u00f3n, educaci\u00f3n y movimientos sociales: elementos para la construcci\u00f3n de una epistemolog\u00eda cr\u00edtica<\/em><\/strong><\/p>\n<p style=\"padding-left:40px;\"><span style=\"color:#ff6600;\">\u00c1ngel Barbas<\/span>, UNED (Presenta: Jesus Sabariego)<\/p>\n<p>11:15-12:00h <strong><em>La cuarta ola de la comunicaci\u00f3n digital<\/em><\/strong><\/p>\n<p style=\"padding-left:40px;\"><span style=\"color:#ff6600;\">Berta Garc\u00eda<\/span>, Universidad de Santiago de Compostela (Presenta: Javier Moreno)<\/p>\n<p>12:30-13:15h <strong><em>Multitudes conectadas feministas: Consecuencias de contar y contarnos en la campa\u00f1a global del #MeToo<\/em><\/strong><\/p>\n<p style=\"padding-left:40px;\"><span style=\"color:#ff6600;\">Guiomar Rovira<\/span>, Universidad de Girona (Presenta: Jose Cand\u00f3n)<\/p>\n<p>13:15-14:00h Presentaci\u00f3n del I+D <strong><em>Sostenibilidad del Tercer Sector de la Comunicaci\u00f3n. Dise\u00f1o y Aplicaci\u00f3n de Indicadores (SOScom)<\/em><\/strong><\/p>\n<p style=\"padding-left:40px;\"><span style=\"color:#ff6600;\">Alejandro Barranquero y Jose Cand\u00f3n<\/span>, Investigadores Principales<\/p>\n\n\n<p><\/p>\n\n\n\n<p class=\"has-text-color\" style=\"color:#ff0000;\">16:00-18:30h<strong><em> Lectura de Comunicaciones<\/em><\/strong><\/p>\n\n\n<p style=\"padding-left:40px;\"><span style=\"color:#ff0000;\"><strong>Sal\u00f3n de Grados<br \/><\/strong><span style=\"color:#333333;\">(Coordina: Alejandro Barranquero)<\/span><strong><br \/><\/strong><\/span><\/p>\n<p style=\"padding-left:80px;\"><span style=\"color:#4d4646;\"><em><strong>El cambio social en la Costa Caribe de Nicaragua desde de la comunicaci\u00f3n intercultural y las radios comunitarias de URACCAN<\/strong><\/em><\/span><br \/><span style=\"color:#4d4646;\">&#8211; Yulmar Montoya, Universidad Aut\u00f3noma de Barcelona<\/span><\/p>\n<p style=\"padding-left:80px;\"><span style=\"color:#4d4646;\"><em><strong>La estructura medi\u00e1tica de El Salto: La diversidad en los or\u00edgenes para la creaci\u00f3n de un medio de propiedad colectiva<\/strong><\/em><\/span><br \/><span style=\"color:#4d4646;\">&#8211; Susana Gema Al\u00e9s \u00c1lvarez, Universidad de Sevilla<\/span><\/p>\n<p style=\"padding-left:80px;\"><span style=\"color:#4d4646;\"><em><strong>Medios, movimientos sociales y sostenibilidad: Reconceptualizando la relaci\u00f3n entre periodismo, p\u00fablico y ciudadan\u00eda<\/strong><\/em><\/span><br \/><span style=\"color:#4d4646;\">&#8211; Alejandro Barranquero, Universidad Carlos III de Madrid<\/span><\/p>\n<p style=\"padding-left:80px;\"><span style=\"color:#4d4646;\"><em><strong>Los medios independientes en el ecosistema medi\u00e1tico actual: Un acercamiento a su dimensi\u00f3n socioeducativa y transformadora<\/strong><\/em><\/span><br \/><span style=\"color:#4d4646;\">&#8211; \u00c1ngel Barbas-Coslado, Universidad Nacional de Educaci\u00f3n a Distancia<\/span><\/p>\n<p style=\"padding-left:80px;\"><span style=\"color:#4d4646;\"><em><strong>Activismo en red: Cr\u00edtica de los medios alternativos a la pol\u00edtica actual en Brasil, Espa\u00f1a y Portugal<\/strong><\/em><\/span><br \/><span style=\"color:#4d4646;\">&#8211; Lina Moscoso Teixeira, Universidad de Minho (Portugal)<\/span><\/p>\n<p style=\"padding-left:80px;\"><span style=\"color:#4d4646;\"><em><strong>Innovaci\u00f3n tecnol\u00f3gica para el afrontamiento de la Covid-19 en las emisoras comunitarias: El caso de CUAC FM<\/strong><\/em><\/span><br \/><span style=\"color:#4d4646;\">&#8211; Isabel Lema Blanco, Universidade da Coru\u00f1a<\/span><br \/><span style=\"color:#4d4646;\">&#8211; Jos\u00e9 Mar\u00eda Casanova Crespo, Universidade da Coru\u00f1a<\/span><br \/><span style=\"color:#4d4646;\">&#8211; Fernando Souto, CUAC FM<\/span><\/p>\n<p style=\"padding-left:40px;\"><span style=\"color:#ff0000;\"><strong>Seminario 3<br \/><\/strong><span style=\"color:#333333;\">(Coordina: Javier Moreno)<\/span><strong><br \/><\/strong><\/span><\/p>\n<p style=\"padding-left:80px;\"><span style=\"color:#4d4646;\"><em><strong>El (des)equilibrio discursivo en la red: Una propuesta de categorizaci\u00f3n de enunciadores<\/strong><\/em><\/span><br \/><span style=\"color:#4d4646;\">&#8211; Leticia Gambetta Abella, Universidad de la Rep\u00fablica (Uruguay)<\/span><\/p>\n<p style=\"padding-left:80px;\"><span style=\"color:#4d4646;\"><em><strong>Ejemplos de democracia deliberativa, alcance y l\u00edmites: Los casos de Irlanda y B\u00e9lgica<\/strong><\/em><\/span><br \/><span style=\"color:#4d4646;\">&#8211; \u00c1lvaro Romero Algora, Universidad de Sevilla<\/span><\/p>\n<p style=\"padding-left:80px;\"><span style=\"color:#4d4646;\"><em><strong>Retos para la generaci\u00f3n de opini\u00f3n p\u00fablica en el contexto de la democracia digital. A prop\u00f3sito de la libertad de expresi\u00f3n y opini\u00f3n pol\u00edtica en las redes sociales<\/strong><\/em><\/span><br \/><span style=\"color:#4d4646;\">&#8211; Laura Milena Malagon Rubio, Universidad de Santo Tom\u00e1s (Colombia)<\/span><\/p>\n<p style=\"padding-left:80px;\"><span style=\"color:#4d4646;\"><em><strong>NIS, Hell Joseon y Candlelight: C\u00f3mo el Servicio Nacional de Inteligencia influye en la participaci\u00f3n pol\u00edtica de los j\u00f3venes coreanos<\/strong><\/em><\/span><br \/><span style=\"color:#4d4646;\">&#8211; Camylla Ribeiro, Universidad Rey Juan Carlos<\/span><\/p>\n<p style=\"padding-left:80px;\"><span style=\"color:#4d4646;\"><em><strong>Resignificar la tecnolog\u00eda: Aprendizajes desde los medios comunitarios de Am\u00e9rica Latina y la econom\u00eda pol\u00edtica de la comunicaci\u00f3n<\/strong><\/em><\/span><br \/><span style=\"color:#4d4646;\">&#8211; Santiago Garc\u00eda Gago, Universidad Complutense de Madrid<\/span><\/p>\n<p style=\"padding-left:40px;\"><strong><span style=\"color:#ff0000;\">Seminario 4<br \/><\/span><\/strong><span style=\"color:#333333;\">(Coordina: Jesus Sabariego)<\/span><strong><span style=\"color:#ff0000;\"><br \/><\/span><\/strong><\/p>\n<p style=\"padding-left:80px;\"><span style=\"color:#4d4646;\"><em><strong>Estrategias discursivas de Vox en Twitter durante la crisis de Ceuta (mayo, 2021): Populismo, posverdad y racismo<\/strong><\/em><\/span><br \/><span style=\"color:#4d4646;\">&#8211; Antonia Olmos Alcaraz, Universidad de Granada<\/span><br \/><span style=\"color:#4d4646;\">&#8211; Manuel Wayne Hogbin Toledo, Universidad de Granada<\/span><\/p>\n<p style=\"padding-left:80px;\"><span style=\"color:#4d4646;\"><em><strong>El relato demogr\u00e1fico en la prensa online: Discursos, intenciones y actores<\/strong><\/em><\/span><br \/><span style=\"color:#4d4646;\">&#8211; Cora Cuenca, Universidad de Sevilla<\/span><br \/><span style=\"color:#4d4646;\">&#8211; Juan Manuel Garc\u00eda-Gonz\u00e1lez, Universidad Pablo de Olavide<\/span><\/p>\n<p style=\"padding-left:80px;\"><span style=\"color:#4d4646;\"><em><strong>Radio Olavide: El podcasting como herramienta de participaci\u00f3n y generaci\u00f3n de redes para construir democracia<\/strong><\/em><\/span><br \/><span style=\"color:#4d4646;\">&#8211; Noelia Ma. C\u00e1meron N\u00fa\u00f1ez, Universidad Pablo de Olavide<\/span><\/p>\n<p style=\"padding-left:80px;\"><em><span style=\"color:#4d4646;\"><strong>The challenge of digital media to democracy in Europe: An engaged approach<\/strong><\/span><\/em><br \/><span style=\"color:#4d4646;\">&#8211; Jes\u00fas Sabariego, Universidad de Sevilla<\/span><\/p>\n<p style=\"padding-left:80px;\"><span style=\"color:#4d4646;\"><em><strong>Las redes sociodigitales en la gesti\u00f3n de los desastres naturales: El caso del terremoto del 7 de septiembre de 2017 en M\u00e9xico<\/strong><\/em><\/span><br \/><span style=\"color:#4d4646;\">&#8211; Laura Joana Papanikolopoulou Arco, Univerisdad P\u00fablica del Pa\u00eds Vasco \/ Euskal Herria Unibertsitatea<br \/><\/span><\/p>\n<p style=\"padding-left:80px;\"><em><strong><span style=\"color:#4d4646;\">La nueva configuraci\u00f3n digital de la doxa-esfera<\/span><\/strong><\/em><br \/><span style=\"color:#4d4646;\">&#8211; St\u00e9fano Cristante, Universit\u00e0 del Salento (Italia)<\/span><\/p>\n<p style=\"padding-left:80px;\"><span style=\"color:#4d4646;\">\u00a0<\/span><\/p>\n<p><em><strong>La nueva configuraci\u00f3n digital de la doxa-esfera<\/strong><\/em><br \/>&#8211; St\u00e9fano Cristante, Universit\u00e0 del Salento (Italia)<\/p>\n<p>18:45-19:30h <strong><em>Evoluci\u00f3n de la agenda gendertech: Medio siglo de activismo feminista sobre medios y tecnolog\u00edas digitales<\/em><\/strong><\/p>\n<p style=\"padding-left:40px;\"><span style=\"color:#ff6600;\">In\u00e9s Binder,<\/span> Universidad Complutense de Madrid (Presenta: Sandra Arenc\u00f3n)<\/p>\n<p>\u00a0<\/p>\n<p><span style=\"color:#800080;\"><strong>Tramallol<\/strong> <\/span>[<a href=\"https:\/\/goo.gl\/maps\/pM2dhQEan54SPULx7\">Pasaje Mallol, 22<\/a>]<br \/>20:30-21:30h <span style=\"color:#ff6600;\">Presentaci\u00f3n del libro <em><strong>Del Ciberactivismo a la Tecnopol\u00edtica.<\/strong> <\/em><span style=\"color:#000000;\"><em>Movimientos sociales en la era del escepticismo tecnol\u00f3gico<\/em> (Cand\u00f3n y Montero \/ Comunicaci\u00f3n Social, 2021)<\/span><\/span><span style=\"color:#000000;\">\u00a0<\/span><\/p>\n<p>\u00a0<\/p>\n\n\n<hr class=\"wp-block-separator\" \/>\n\n\n\n<p><\/p>\n\n\n\n<div class=\"wp-block-image\"><figure class=\"aligncenter size-large is-resized\"><a href=\"http:\/\/congreso.us.es\/movenet\/wp-content\/uploads\/2021\/11\/cartel-iv-movenet-def.png\"><img loading=\"lazy\" src=\"http:\/\/congreso.us.es\/movenet\/wp-content\/uploads\/2021\/11\/cartel-iv-movenet-def.png?w=724\" alt=\"\" class=\"wp-image-1290\" width=\"836\" height=\"1181\" srcset=\"https:\/\/congreso.us.es\/movenet\/wp-content\/uploads\/2021\/11\/cartel-iv-movenet-def.png 3509w, https:\/\/congreso.us.es\/movenet\/wp-content\/uploads\/2021\/11\/cartel-iv-movenet-def-212x300.png 212w, https:\/\/congreso.us.es\/movenet\/wp-content\/uploads\/2021\/11\/cartel-iv-movenet-def-724x1024.png 724w, https:\/\/congreso.us.es\/movenet\/wp-content\/uploads\/2021\/11\/cartel-iv-movenet-def-768x1086.png 768w, https:\/\/congreso.us.es\/movenet\/wp-content\/uploads\/2021\/11\/cartel-iv-movenet-def-1086x1536.png 1086w, https:\/\/congreso.us.es\/movenet\/wp-content\/uploads\/2021\/11\/cartel-iv-movenet-def-1449x2048.png 1449w\" sizes=\"(max-width: 836px) 100vw, 836px\" \/><\/a><\/figure><\/div>\n\n\n\n<figure class=\"wp-block-image size-large\"><a href=\"http:\/\/congreso.us.es\/movenet\/wp-content\/uploads\/2021\/10\/plano-ubicacion-iv-movenet.png\"><img loading=\"lazy\" width=\"6326\" height=\"3199\" src=\"http:\/\/congreso.us.es\/movenet\/wp-content\/uploads\/2021\/10\/plano-ubicacion-iv-movenet.png?w=1024\" alt=\"\" class=\"wp-image-1275\" srcset=\"https:\/\/congreso.us.es\/movenet\/wp-content\/uploads\/2021\/10\/plano-ubicacion-iv-movenet.png 6326w, https:\/\/congreso.us.es\/movenet\/wp-content\/uploads\/2021\/10\/plano-ubicacion-iv-movenet-300x152.png 300w, https:\/\/congreso.us.es\/movenet\/wp-content\/uploads\/2021\/10\/plano-ubicacion-iv-movenet-1024x518.png 1024w, https:\/\/congreso.us.es\/movenet\/wp-content\/uploads\/2021\/10\/plano-ubicacion-iv-movenet-768x388.png 768w, https:\/\/congreso.us.es\/movenet\/wp-content\/uploads\/2021\/10\/plano-ubicacion-iv-movenet-1536x777.png 1536w, https:\/\/congreso.us.es\/movenet\/wp-content\/uploads\/2021\/10\/plano-ubicacion-iv-movenet-2048x1036.png 2048w\" sizes=\"(max-width: 6326px) 100vw, 6326px\" \/><\/a><\/figure>\n","protected":false},"excerpt":{"rendered":"<div class=\"slide-text-bg2\"><span>Jueves 11 y viernes 12 de noviembre de 2021Facultad de Comunicaci\u00f3n (Sal\u00f3n de Grados) &#8211; Universidad de Sevilla Avda. Am\u00e9rico Vespucio, s\/n. Isla d<\/span><\/div>\n<div class=\"slide-btn-area-sm\"><a href=\"https:\/\/congreso.us.es\/movenet\/programa-4movenet\/\" class=\"slide-btn-sm\">Leer m\u00e1s<\/a><\/div>\n","protected":false},"author":1,"featured_media":0,"parent":0,"menu_order":0,"comment_status":"closed","ping_status":"closed","template":"","meta":[],"_links":{"self":[{"href":"https:\/\/congreso.us.es\/movenet\/wp-json\/wp\/v2\/pages\/1201"}],"collection":[{"href":"https:\/\/congreso.us.es\/movenet\/wp-json\/wp\/v2\/pages"}],"about":[{"href":"https:\/\/congreso.us.es\/movenet\/wp-json\/wp\/v2\/types\/page"}],"author":[{"embeddable":true,"href":"https:\/\/congreso.us.es\/movenet\/wp-json\/wp\/v2\/users\/1"}],"replies":[{"embeddable":true,"href":"https:\/\/congreso.us.es\/movenet\/wp-json\/wp\/v2\/comments?post=1201"}],"version-history":[{"count":0,"href":"https:\/\/congreso.us.es\/movenet\/wp-json\/wp\/v2\/pages\/1201\/revisions"}],"wp:attachment":[{"href":"https:\/\/congreso.us.es\/movenet\/wp-json\/wp\/v2\/media?parent=1201"}],"curies":[{"name":"wp","href":"https:\/\/api.w.org\/{rel}","templated":true}]}}