{"id":43,"date":"2021-03-12T13:02:39","date_gmt":"2021-03-12T13:02:39","guid":{"rendered":"http:\/\/congreso.us.es\/seduaut21\/?page_id=43"},"modified":"2022-04-21T14:52:21","modified_gmt":"2022-04-21T14:52:21","slug":"contacto","status":"publish","type":"page","link":"https:\/\/congreso.us.es\/seduaut21\/contacto\/","title":{"rendered":"Contacto"},"content":{"rendered":"\n<p>Para cualquier duda relacionada con el Seminario contactar con los responsables del Grupo de Educaci\u00f3n en Autom\u00e1tica de CEA (organizadores de este evento):<\/p>\n\n\n\n<ul class=\"has-small-font-size wp-block-list\"><li><a href=\"http:\/\/disa.us.es\/disa\/index.php\/component\/directorio\/index.php?option=com_directorio&amp;view=personal&amp;Itemid=&amp;id=96\">David Mu\u00f1oz de la Pe\u00f1a<\/a> &#8211; <a rel=\"noreferrer noopener\" href=\"https:\/\/www.us.es\/\" target=\"_blank\">Universidad de Sevilla (US)<\/a> &#8211; dmunoz@us.es<\/li><li><a href=\"https:\/\/scholar.google.es\/citations?user=iUmc0h0AAAAJ&amp;hl=es\" data-type=\"URL\" data-id=\"https:\/\/scholar.google.es\/citations?user=iUmc0h0AAAAJ&amp;hl=es\" target=\"_blank\" rel=\"noreferrer noopener\">Ildefonso Ruano Ruano<\/a> &#8211; <a href=\"https:\/\/www.ujaen.es\" data-type=\"URL\" data-id=\"https:\/\/www.ujaen.es\" target=\"_blank\" rel=\"noreferrer noopener\">Universidad de Ja\u00e9n (UJA)<\/a> &#8211; alonso@ujaen.es<\/li><\/ul>\n","protected":false},"excerpt":{"rendered":"<p>Para cualquier duda relacionada con el Seminario contactar con los responsables del Grupo de Educaci\u00f3n en Autom\u00e1tica de CEA (organizadores de este evento): David Mu\u00f1oz de la Pe\u00f1a &#8211; Universidad de Sevilla (US) &#8211; dmunoz@us.es Ildefonso Ruano Ruano &#8211; Universidad de Ja\u00e9n (UJA) &#8211; alonso@ujaen.es<\/p>\n","protected":false},"author":1,"featured_media":0,"parent":0,"menu_order":0,"comment_status":"closed","ping_status":"closed","template":"","meta":{"footnotes":""},"class_list":["post-43","page","type-page","status-publish","hentry","entry"],"_links":{"self":[{"href":"https:\/\/congreso.us.es\/seduaut21\/wp-json\/wp\/v2\/pages\/43","targetHints":{"allow":["GET"]}}],"collection":[{"href":"https:\/\/congreso.us.es\/seduaut21\/wp-json\/wp\/v2\/pages"}],"about":[{"href":"https:\/\/congreso.us.es\/seduaut21\/wp-json\/wp\/v2\/types\/page"}],"author":[{"embeddable":true,"href":"https:\/\/congreso.us.es\/seduaut21\/wp-json\/wp\/v2\/users\/1"}],"replies":[{"embeddable":true,"href":"https:\/\/congreso.us.es\/seduaut21\/wp-json\/wp\/v2\/comments?post=43"}],"version-history":[{"count":6,"href":"https:\/\/congreso.us.es\/seduaut21\/wp-json\/wp\/v2\/pages\/43\/revisions"}],"predecessor-version":[{"id":202,"href":"https:\/\/congreso.us.es\/seduaut21\/wp-json\/wp\/v2\/pages\/43\/revisions\/202"}],"wp:attachment":[{"href":"https:\/\/congreso.us.es\/seduaut21\/wp-json\/wp\/v2\/media?parent=43"}],"curies":[{"name":"wp","href":"https:\/\/api.w.org\/{rel}","templated":true}]}}